2. What is the tens digit of h?
0
Let r(v) = -9*v + 33. What is the units digit of r(3)?
6
Let m be (4 + 115/(-10))*576/(-10). Suppose 5*x - m = 2*x. What is the units digit of x?
4
Suppose 80*r = 33119 + 43521. What is the units digit of r?
8
Let c(l) = -2121*l - 118. What is the hundreds digit of c(-2)?
1
Suppose 5*g - 22 = -0*g + 3*u, 2*u = -8. Suppose -g*l = -l + 2*x - 15, 0 = l + 4*x - 25. Let m = -2 + l. What is the units digit of m?
3
Suppose 918 = -p + 4*p. Suppose 5*t - 79 = p. What is the tens digit of t?
7
Suppose -5*k + o = -240, -2*o + o = -k + 48. Suppose k*f = 49*f - 48. What is the units digit of f?
8
Suppose -6*v + 0*v + 18 = 0. Suppose v*b + 567 = 3*c, 937 = 5*c - 2*b + b. What is the hundreds digit of c?
1
Suppose -5*v - k + 2776 = -4*k, 5*k = -3*v + 1652. Suppose 1821 = 7*i + v. What is the tens digit of i?
8
Suppose 4*l = 5*c + 89, 0 = 4*l + c - 55 - 52. Suppose 0 = -7*y + 149 + l. What is the tens digit of y?
2
Suppose 3*l - 26*g = -21*g + 1439, 0 = -2*l + 2*g + 958. What is the units digit of l?
8
Let l(c) = 3*c**3 - 12*c**2 - 3*c - 1. What is the hundreds digit of l(6)?
1
Let q = 16 + -13. Suppose 2*s = -5*v - 35, 3*v - 33 - 30 = q*s. Let u = 26 - s. What is the units digit of u?
6
Suppose 3*x - 10691 + 1003 = -f, -5*x = f - 16146. What is the tens digit of x?
2
Suppose -3*p + 32 + 667 = 0. What is the units digit of p?
3
Let v = 3170 - 1193. What is the tens digit of v?
7
Suppose 0 = -40*z + 44*z - 12592. What is the tens digit of z?
4
Let s be -6 - (-16)/(-12)*-3. Suppose 0 = l + 1 + 1. What is the units digit of (-1)/((l/(-5))/s)?
5
Let u(w) = 9*w**2 - 10*w - 42. Let i be u(-6). Let t = i - 174. What is the units digit of t?
8
Suppose -1 + 7 = z. Suppose -z*o = -o - 20. What is the units digit of o?
4
Let f(n) = n**3 - 9*n**2 - 16*n + 6. What is the tens digit of f(16)?
4
Let r = -73 - -1693. What is the thousands digit of r?
1
Let j = 811 + -199. What is the tens digit of j?
1
Let t be -5 - -5 - (-1 + (-875)/1). What is the units digit of (3/(3/(-1)))/((-4)/t)?
9
Let u(w) = -w**3 - 3*w**2 - w + 2. Let c be u(-2). Suppose 6*f - 59 = 3*f - 2*l, -5*f = 5*l - 100. Suppose f = -c*y + y. What is the tens digit of y?
1
Let h(l) = -102*l - 2. Let x(g) = -g**3 + 7*g**2 + g - 9. Let o be x(7). What is the tens digit of h(o)?
0
Suppose 0 = -5*r - 2*u + 7132, 0 = -5*r + 4*u + 6574 + 582. What is the hundreds digit of r?
4
Suppose -4*z - 16 = -4*p, -z - 6*p = -p + 34. What is the units digit of 6/z + 339/9?
7
Suppose -4 = -b + 1. Let v = 1 + 2. Suppose -v*p = -b*n, n - 7 = 2*n - 2*p. What is the units digit of n?
3
Let u = -52 + 91. Let n = -35 + u. What is the units digit of n?
4
Let q = 31 + -11. Suppose q = -5*h, 70 = 2*a + 3*h + 20. Suppose 53 = 4*c - u, a = -4*c - 4*u + 79. What is the units digit of c?
3
Let z(x) = -73*x - 40. What is the hundreds digit of z(-10)?
6
Let z(j) = 2*j**2 - 40*j - 782. What is the tens digit of z(-31)?
8
Suppose -p = -2*u + 2, -p = -3*u - 0 + 2. Let k be 4/(-14) - p/7. Suppose 2*b + 48 = 2*i, 4*i - b + 0*b - 84 = k. What is the tens digit of i?
2
Let a(x) = -x**3 - 5*x**2 - 2*x - 8. Let q be a(-5). Suppose 0 = q*i - b - 57, -4*b + 21 = i - 6*b. What is the units digit of i?
1
Suppose -5*c - 2*n = -n - 134, 60 = 2*c + 2*n. Let j = 97 - 43. Let a = j - c. What is the tens digit of a?
2
Let v(b) = -b**2 - 6*b + 4. Let j(w) = w**3 - 7*w**2 - 9*w + 2. Let q be j(8). What is the units digit of v(q)?
4
Suppose -r - 3 + 8 = 0, -4*t = 4*r + 180. Let n = 156 - t. What is the tens digit of n?
0
Let y(g) = 17*g + 2. Let p be y(2). Let i = 38 - p. What is the units digit of i?
2
Suppose 0 = -2*f + 5*f - 3*b - 66, f = -4*b + 22. Suppose h + 1 = 0, -2*h + 3*h + f = 3*w. Let v = 51 - w. What is the tens digit of v?
4
Let a(u) = -4 - 4*u**2 + 4 + 0 + 5 - 9*u + u**3. Let s be a(6). Let c = s + -7. What is the units digit of c?
6
Let b(u) be the first derivative of 2*u**3/3 - 4*u**2 + 6*u - 2. Let c = 0 + 6. What is the tens digit of b(c)?
3
What is the tens digit of 812 + (-6 - -2) + -4?
0
Let n(s) = 5*s**2 + 11*s + 1. Let t be (-3 - 1)/((-3)/(-9) - 1). What is the tens digit of n(t)?
4
Suppose 3*i + 8*b = 6*b + 2188, -3*i = 3*b - 2190. What is the hundreds digit of i?
7
Let i(p) = 16*p - 5. Let n(a) = a**3 - 6*a**2 - 11*a + 10. Let u be n(7). Let z = u - -20. What is the tens digit of i(z)?
2
Let j = 616 - 1151. What is the units digit of 5*1*-3*j/75?
7
Let r(z) = -z**2 + 3*z + 18. Let f be r(6). Suppose f = 19*v - 20*v + 47. What is the tens digit of v?
4
Let g(s) = 4 + 4 - 2*s + 63*s**3 - 6 - 2*s**2 + s**2. What is the units digit of g(1)?
2
Suppose 5*l - 5*o = 9 + 11, -4*l - 4*o = 16. Suppose 4*j = -q - l*q + 7, 0 = -5*q - 4*j + 115. What is the units digit of q?
7
Let l(d) = 16*d + 4. Suppose -g + 0*g - 1 = 0. Let z be (20/12 + g)*3. What is the units digit of l(z)?
6
Let x(d) be the third derivative of -3*d**6/2 + d**5/30 - d**3/6 + 40*d**2. What is the units digit of x(-1)?
1
Let d = 16 + -13. What is the units digit of (30/(-20))/(d/(-2))?
1
Let z(j) = 15*j**2 + 14*j - 2. What is the hundreds digit of z(6)?
6
Let q = 1446 - 684. What is the units digit of q?
2
What is the units digit of (-225)/27*(-6)/5?
0
Let v = 174 - 22. What is the units digit of v?
2
Let d = 66 + 94. Suppose 3818 = 17*i - d. What is the tens digit of i?
3
Let q(k) = 58*k + 69. What is the tens digit of q(10)?
4
Let b(d) = -8*d + 4. Let j be b(0). Suppose -5*u + 236 = -r, -3*u - j*r + 97 = -63. What is the units digit of u?
8
Let f = -9 + 29. Suppose -p = p - f. What is the units digit of p*(-3)/12*-10?
5
Let b = 640 - 110. What is the hundreds digit of b?
5
Suppose -5*m + 3 = -32. Let l(s) = -s**3 + 13*s**2 - 2*s - 10. Let g(d) = d**3 - 14*d**2 + d + 11. Let a(r) = -5*g(r) - 6*l(r). What is the units digit of a(m)?
5
Let l(o) = -o**3 - 9*o**2 - 10*o + 19. Let g be l(-8). Let z = 264 - 171. What is the units digit of (-10)/g - z/(-7)?
3
Let k(l) = 104*l**3 + 2*l - 1. Let d be k(1). Let n = -58 + d. What is the units digit of n?
7
Let k(v) = -v**3 - 2*v**2 - v - 1. Let x be k(-1). Let w be x*5*-3*1. What is the tens digit of 10 + (-5)/(w/(-9))?
1
Let b(t) = t + 23. Let n be b(-23). Let f = n - -65. What is the tens digit of f?
6
Let d = 18 + -22. Let a(i) = 2*i**2 + 0*i**2 + 2*i - i**2 - 2. What is the units digit of a(d)?
6
Let u(o) be the first derivative of -11*o**2/2 - 49*o + 25. What is the hundreds digit of u(-14)?
1
Let f = 1 - 2. What is the units digit of f/(-2) + 186/12?
6
Suppose -15596 = 381*v - 388*v. What is the units digit of v?
8
Suppose -8 = -3*d + 4. Let q be 24/8*d/6. Suppose 3*h + 10 = q*f, 4*f - 6*h + h = 18. What is the units digit of f?
2
Let g(n) = n**2 + 4*n + 2. Let z be g(6). Let t = z - -38. Suppose 28 = 4*d - t. What is the tens digit of d?
3
Suppose 103*n - 344564 = 21*n. What is the units digit of n?
2
Let z(k) = 24*k + 9. Let h be z(5). Let q = 238 - h. What is the hundreds digit of q?
1
Let w be 2/(-4)*-1*54. Suppose -11 = -4*b + 2*o + w, 4*b - o = 35. What is the units digit of b/(-10)*(-25)/2?
0
Suppose 3*w - 551 = -4*c, -5*c + 9*c = w + 547. What is the units digit of c?
7
Suppose 2*b + 3*f - 2*f + 7 = 0, -2*b + 5*f = -11. What is the tens digit of (b - -45)*(-6 - -7)?
4
Let b(a) = 203*a + 533. What is the tens digit of b(10)?
6
What is the hundreds digit of (296/(-18)*-3)/((-23)/(-276))?
5
Let f(r) = -r**2 - 4*r + 12. What is the units digit of f(-4)?
2
Let q be 66/21 - 1/7. Suppose z + 4*n - 29 = -q, 0 = -5*z - 3*n + 79. What is the units digit of z?
4
Let k(d) = -d**2 + d - 1. Let o(s) = -2*s**2 - 11*s - 13. Let l(p) = -k(p) + o(p). Let u be l(-10). What is the units digit of 2/u - 117/(-12)?
0
Suppose -17*v + 22*v - 241 = -2*i, -3*i + 5*v = -349. What is the units digit of i?
8
Let z(s) = -s**3 + 23*s**2 + 2*s - 38. What is the thousands digit of z(17)?
1
Suppose -3*p - b = -0*p - 19, -14 = -2*p - b. Let m(h) = h - 4. Let r(u) = 3*u - 7. Let q(w) = p*m(w) - 2*r(w). What is the units digit of q(-19)?
3
Let a be 12*((-36)/(-8))/9. Suppose -9*x + a*x = -45. What is the tens digit of x?
1
Let y = 170 + 273. What is the units digit of y?
3
Let n(s) = 85*s + 69. What is the units digit of n(14)?
9
Suppose -7*l - 6 = -9*l. Suppose -l*x + 636 = -0*x. Suppose -x = -w - 3*w. What is the tens digit of